first derivative of i**3 + i - 9. Determine k(1).
4
Suppose 4*s + 23 = l - s, -5*l + 15 = -5*s. Let b = l + 2. Let y(o) = -o**3 - o**2 + o + 3. Calculate y(b).
3
Let d(f) = 24*f**3 + 7*f**2 + 3*f + 4. Let w(u) = 8*u**3 + 2*u**2 + u + 1. Let r(x) = 2*d(x) - 7*w(x). What is r(1)?
-8
Let a(n) be the third derivative of 11*n**4/24 + n**3/6 - 10*n**2 - 2*n. Let r = 1 - 0. What is a(r)?
12
Let z(y) be the first derivative of 2*y**3/3 + 7*y**2/2 + 4*y + 21. What is z(-4)?
8
Let r(s) = 2*s - 7. Suppose -3*z = 15, -5*z + 0*z = -5*h + 200. Suppose v + 20 = 5*d, 3*d - h = -4*v - 0*d. Give r(v).
3
Suppose 0 = -3*m + 6*m. Let q(a) = -4*a**3 - a**2 - a - 1. Let h be q(-1). Let w(i) = -5 + 2*i**3 - i**3 - h. Determine w(m).
-8
Let n(t) = t**2 + 6*t + 2. Let u be n(-5). Let h(d) = -d**2 + 13*d + 13. Let i(v) = -v**2 + 7*v + 7. Let y(q) = 3*h(q) - 5*i(q). Give y(u).
10
Let p(v) = -v**3 - 4*v**2 + 7*v + 5. Let m be (-1)/(-1*(-2)/(-4)). Suppose 2*b = 2*c + 50, -2*b - m*b - 4*c = -100. Suppose -y = -6*y - b. Determine p(y).
-5
Let c(w) = -3*w**2 + 7*w - 8. Let j(v) = -8*v**2 + 20*v - 23. Let k(o) = -11*c(o) + 4*j(o). Let n = -4 - 1. Determine k(n).
6
Let h(t) be the second derivative of t**6/180 + 5*t**4/12 + t. Let c(i) be the third derivative of h(i). Determine c(1).
4
Let i = -43 + 36. Let j(v) = -v - 4. Determine j(i).
3
Suppose -2*l + 8 = -0*l. Let d(a) = -6*a + a**2 + a + a**3 - 4*a**2 - 3. Calculate d(l).
-7
Let z = -3 - -12. Let b(m) = 10*m - z*m + 1 - 4 + 2. Determine b(-3).
-4
Let h(t) = t**2 - t. Let r(j) = j**2 - j + 3. Let s = 6 + -4. Suppose 7*g = s*g. Let z be r(g). Calculate h(z).
6
Let t(i) be the second derivative of i**6/720 + i**5/12 - 3*i**4/4 + 7*i. Let n(m) be the third derivative of t(m). What is n(-9)?
1
Suppose -5*x - 12 = -x. Let g be (-6)/x - 5 - 2. Let r(c) = -c. What is r(g)?
5
Let t(b) be the third derivative of -b**6/120 + b**5/12 - b**4/12 - 5*b**2. Calculate t(5).
-10
Let b(g) = -g**3 - 10*g**2 + 7. Let m = 120 - 130. Give b(m).
7
Suppose 0*b - 152 = -8*b. Let s = b + -19. Let z(q) be the first derivative of -q**2/2 + 6*q - 1. Calculate z(s).
6
Suppose -10 = 2*w + 3*w. Let a(x) = -x**3 + 2*x**2 + x + 2. Determine a(w).
16
Let t(m) = -m**3 + 4*m**2 + 2*m - 6. Let v be t(4). Let d(l) = 6*l + l**2 - 2 + 2 + v - 4. What is d(-5)?
-7
Let p(u) = 3*u**2 - 17*u - 2. Let w(f) = -f**2 + 6*f + 1. Suppose 0 = 7*o - 3*o + 24. Let d = o + 14. Let c(x) = d*w(x) + 3*p(x). Determine c(2).
0
Let q(k) = 5*k**2. Let w(m) be the first derivative of m**4/4 - 7*m**3/3 + 5*m**2/2 + 2*m - 2. Let a be w(6). Let u be (-20)/(-28) - a/14. Determine q(u).
5
Let u(z) = z + 5. Let i be u(-5). Let p(k) = k**3 - k**2 + 3. Let q be p(i). Let j(b) = 3*b. Give j(q).
9
Let n(b) = -5*b + 7. Let a(s) = -s + 4. Let i be a(-2). Let y(x) = 11*x - 15. Let m(r) = i*y(r) + 13*n(r). Calculate m(1).
2
Let l be (-78)/(-12) - 2/4. Let c be (l/3)/(-1 - -2). Let m(t) = -t**3 + 2*t**2 - t - 2. Determine m(c).
-4
Suppose -q + 2*q = -4. Let g(n) = -2*n**3 - n**2 + n + 2*n**2 + 3*n**3 - 2 + 3*n**2. What is g(q)?
-6
Let y(q) = -q + 7. Suppose -5*v + 1 = -z - 2, -1 = -2*z + 3*v. Suppose -15 = -z*d - d. Suppose -d*f = -2*f - o, 0 = -f + 2*o. What is y(f)?
7
Let b(u) = -u**2 + 9*u - 10. Let z be b(7). Let g = -3 - -7. Let t(a) = -a - g + 4*a - 2*a. Calculate t(z).
0
Suppose -2*u = -2*k - 4, -5*k = -4*u - 0 + 8. Let l(i) = -16 + i + 16 - i**u. What is l(3)?
-6
Let u(n) = -3*n + 0*n + n + 3. Give u(2).
-1
Let m be 0/1 + 1 + 1. Let i(s) = 10*s - 24. Let b(v) = -3*v + 8. Let r(a) = m*i(a) + 7*b(a). Let j be 1/(-4) - 42/(-8). Calculate r(j).
3
Let c(g) = -11*g**2 - 7*g - 4. Let x(f) = -5*f**2 - 3*f - 2. Let l(j) = 6*c(j) - 13*x(j). Suppose 5*h = -r - 23, -3*r + 2 = 3*h + 11. Give l(r).
-8
Let u(i) = 5*i + 6 + 0*i**2 + i**2 - 12. Let l be (12/(-14))/(2/14). Give u(l).
0
Let y(v) = v**2 - v - 6. Let k be (3/1 + -3)/(-7 - -5). Calculate y(k).
-6
Let y(o) = 3 + 5*o**2 - 2*o - 3*o**2 - 7*o - 10*o**2 + o**3. Determine y(9).
3
Let l(j) = -7*j**3 + 9 - 6*j**2 + 8*j**3 - 5 + 4*j. Calculate l(5).
-1
Let p(i) = i**3 + i**2 - 3*i + 4. Let q(f) = -f**3 + f**2. Let u be q(1). Let b = u + -3. Calculate p(b).
-5
Let r(x) be the second derivative of -x**3/2 - x**2/2 + 23*x. Let i be ((-2)/(-4)*-2)/1. Let q = i + 2. Give r(q).
-4
Let q(j) = -1. Let h(r) = -3*r + 3. Let i(f) = h(f) + 4*q(f). Let y be i(-1). Let t(u) = 2 + 2*u**y - 1 - 3*u**2. What is t(1)?
0
Let p(f) = -f - 5. Let q be (15/12)/(3/(-12)). Calculate p(q).
0
Let a(r) = r. Let n(t) = 21*t - 6. Let j(w) = 18*a(w) - n(w). Give j(4).
-6
Let g(k) = -2*k - 8. Suppose 2*b + 16 = 4*b. Suppose b - 38 = 5*l. Calculate g(l).
4
Let r(u) = -15*u + 41. Let q be r(3). Let m(h) = -2*h - 1. Determine m(q).
7
Suppose -d + 4*y + 6 = 0, -5*d + d + 5 = 3*y. Let w(p) = -2*p - 6. Let f be w(-6). Let b(z) = z - 3 - 3 + f. Give b(d).
2
Let q(p) = 4*p - 8. Let t(a) = 3*a - 8. Let b(d) = -4*q(d) + 5*t(d). Let u be b(-5). Let c be 2/((3/2)/u). Let s(y) = -y - 3. What is s(c)?
1
Let z(m) be the third derivative of m**4/8 - 8*m**2. Suppose 4 = 2*g, -3*l + 12 = 3*g - 3. Suppose 0 = l*f - 0 + 6. Give z(f).
-6
Let m(n) = -n**3 - 4*n**2 + 4*n - 5. Let v be m(-5). Let d be (-6)/9 + (-41)/(-3). Let a(o) = -d + 2 - 5*o + 4*o. Give a(v).
-11
Let y(z) = z**2 - 6*z + 29 + 2*z - 29. What is y(2)?
-4
Let k(r) be the first derivative of -r**4/4 - 7*r**3/3 - 3*r**2 - r + 38. Determine k(-6).
-1
Let p(y) = -y + 2. Suppose -12 = -5*t + z, -4*z = 2*t + z - 21. What is p(t)?
-1
Let m(i) = -i + 3. Suppose -2*f = -11 - 1. Give m(f).
-3
Let n be -3 - (-23 - (-4)/1). Suppose 0 = -5*q + q + n. Let g(d) = -3*d + 1. What is g(q)?
-11
Suppose -2*l = l - 6. Suppose x + 10 = 3*n, -x + l = 2*n - 13. Let f(i) = 2*i - 5. Calculate f(n).
5
Let d(v) be the first derivative of -1/3*v**3 + 3*v - 3 + v**2. Give d(4).
-5
Let k(x) be the first derivative of -x**6/120 + x**5/60 - 2*x**3/3 - x**2/2 - 7. Let f(c) be the second derivative of k(c). Determine f(0).
-4
Let w(t) be the third derivative of -t**4/24 + 5*t**3/6 + 2*t**2. Let x be 7 + (-4 - (-4 - -2)). Suppose -8 = -o + 2*s, -4*o - 6 = -x*o + s. Give w(o).
1
Let c(z) = -14*z**3 + 29*z**2 - 8*z - 6. Let j(p) = -5*p**3 + 10*p**2 - 3*p - 2. Let f(b) = 4*c(b) - 11*j(b). What is f(6)?
4
Let w(t) = -2*t + 7. Let x(l) = -l + 2. Let s(c) = w(c) - 3*x(c). Give s(-1).
0
Suppose -6*b = -3*b + 27. Let u(n) = -n - 16. Determine u(b).
-7
Let w(x) be the first derivative of 3*x**2/2 - 2*x + 1. Let s(r) = -r**2 - 5*r + 47. Let a be s(-10). Determine w(a).
-11
Let q(p) = 2*p - 2. Suppose 4*o = 11 - 3. Calculate q(o).
2
Let m be 2 + -4 - (7 + -2 + -1). Let n(k) = -k**3 - 6*k**2 - 6. What is n(m)?
-6
Let b(p) = -p + 3. Suppose g = 5*g - 12. Suppose 25 = -2*d - g*d. Give b(d).
8
Let z = 17 + -10. Suppose -12*b = -z*b + 30. Let x(l) = -l**2 - 6*l - 6. Calculate x(b).
-6
Let q(i) = -i**2 + 5*i - 5. Let l(v) = 3*v**2 - 15*v + 14. Let k(n) = 6*l(n) + 17*q(n). Suppose 4*p + 9 = 41. Suppose -3*j = -p - 4. Give k(j).
-5
Let b(g) = 1 + 3*g + g + g**3 - 2*g**2 + 0*g + 7*g**2. Determine b(-3).
7
Let k = 5 + -4. Suppose -b + 0 = k. Let c(a) = 6*a. Calculate c(b).
-6
Let d(z) = -12*z + 1. Suppose r - 6 = 3. Let q = r + -15. Let k = -7 - q. What is d(k)?
13
Let n(y) = y - 4*y**2 - 1 + 6*y**2 + y**2. What is n(1)?
3
Suppose d = -3*b - 2, 3*d + 4 = -11. Let i be -4 - (b + (-4 - 0)). Let k(h) be the first derivative of -2*h**3/3 + h**2/2 + h + 2. Calculate k(i).
-2
Let w(i) be the first derivative of 3 - 3/2*i**2 - 1/3*i**3 - i. Calculate w(-4).
-5
Let q(v) = 3*v + 0*v + 1 - v. Let f(d) = d**3 + d**2 - 4. Let w be f(0). Let h be (10 - 9)*(0 - w). Calculate q(h).
9
Let g = 8 - 14. Let s(j) = -j**2 - 4*j + 5. Give s(g).
-7
Let h(v) = v + 2. Suppose 0 = -4*d - 0*d + 8. Suppose 0 = -d*c - 3*t - 12, 3*c - 4*t = -3*t - 7. Determine h(c).
-1
Let l = 12 - 6. Suppose 0 = -2*r - 0 + l. Let z(a) = -2 + 3*a + 0*a - 2 + r - a**2. Give z(3).
-1
Let r(l) be the third derivative of -l**6/120 - l**5/15 + l**4/4 + 2*l**3/3 - 2*l**2. Let a be r(-5). Let m(q) = 2*q**2 + q - 2*q**2 + q**2. Calculate m(a).
0
Let b(h) = -h**2 + h. Let m(o) = -2*o**2 - 5*o. Let x(z) = -2*b(z) - m(z). Suppose 3*v - v = 6. Suppose 1 = 4*g - v, -2*g = i. Calculate x(i).
10
Let y(m) = 3*m**3 + m**2 - 2*m + 2. Let v(h) = h**2 + h. Let 